{"id":2,"date":"2025-01-01T19:26:16","date_gmt":"2025-01-01T19:26:16","guid":{"rendered":"https:\/\/performance.texoplex.ch\/?page_id=2"},"modified":"2025-01-07T13:01:54","modified_gmt":"2025-01-07T13:01:54","slug":"sample-page","status":"publish","type":"page","link":"https:\/\/performance.texoplex.ch\/?page_id=2","title":{"rendered":"Performance I"},"content":{"rendered":"\n<p>Holy Competition, Holy Mess, Declare Independence!<\/p>\n\n\n\n<figure class=\"wp-block-image size-large\"><img loading=\"lazy\" decoding=\"async\" width=\"683\" height=\"1024\" src=\"https:\/\/performance.texoplex.ch\/wp-content\/uploads\/2025\/01\/458285473_498518489477068_1087046630769340374_n-683x1024.jpg\" alt=\"\" class=\"wp-image-30\" srcset=\"https:\/\/performance.texoplex.ch\/wp-content\/uploads\/2025\/01\/458285473_498518489477068_1087046630769340374_n-683x1024.jpg 683w, https:\/\/performance.texoplex.ch\/wp-content\/uploads\/2025\/01\/458285473_498518489477068_1087046630769340374_n-200x300.jpg 200w, https:\/\/performance.texoplex.ch\/wp-content\/uploads\/2025\/01\/458285473_498518489477068_1087046630769340374_n-768x1151.jpg 768w, https:\/\/performance.texoplex.ch\/wp-content\/uploads\/2025\/01\/458285473_498518489477068_1087046630769340374_n-1025x1536.jpg 1025w, https:\/\/performance.texoplex.ch\/wp-content\/uploads\/2025\/01\/458285473_498518489477068_1087046630769340374_n.jpg 1366w\" sizes=\"auto, (max-width: 683px) 100vw, 683px\" \/><\/figure>\n\n\n\n<figure class=\"wp-block-image size-large\"><img loading=\"lazy\" decoding=\"async\" width=\"1024\" height=\"684\" src=\"https:\/\/performance.texoplex.ch\/wp-content\/uploads\/2025\/01\/461946966_517314510930799_7442214927846341637_n-1-1024x684.jpg\" alt=\"\" class=\"wp-image-38\" srcset=\"https:\/\/performance.texoplex.ch\/wp-content\/uploads\/2025\/01\/461946966_517314510930799_7442214927846341637_n-1-1024x684.jpg 1024w, https:\/\/performance.texoplex.ch\/wp-content\/uploads\/2025\/01\/461946966_517314510930799_7442214927846341637_n-1-300x200.jpg 300w, https:\/\/performance.texoplex.ch\/wp-content\/uploads\/2025\/01\/461946966_517314510930799_7442214927846341637_n-1-768x513.jpg 768w, https:\/\/performance.texoplex.ch\/wp-content\/uploads\/2025\/01\/461946966_517314510930799_7442214927846341637_n-1-1536x1025.jpg 1536w, https:\/\/performance.texoplex.ch\/wp-content\/uploads\/2025\/01\/461946966_517314510930799_7442214927846341637_n-1.jpg 2048w\" sizes=\"auto, (max-width: 1024px) 100vw, 1024px\" \/><\/figure>\n\n\n\n<figure class=\"wp-block-video\"><video height=\"636\" style=\"aspect-ratio: 360 \/ 636;\" width=\"360\" controls src=\"https:\/\/performance.texoplex.ch\/wp-content\/uploads\/2025\/01\/AQOCBt48YAraHCihjmMnqzXdFmhf8K9j5p52HBrLPY78bCOj_BpeN1WSnFwsG3RFR4vc-U10zFnIx987fWrDj5Vk.mp4\"><\/video><\/figure>\n\n\n\n<figure class=\"wp-block-image size-large\"><img loading=\"lazy\" decoding=\"async\" width=\"819\" height=\"1024\" src=\"https:\/\/performance.texoplex.ch\/wp-content\/uploads\/2025\/01\/457495706_18238461886263199_7003783148712694559_n-819x1024.jpg\" alt=\"\" class=\"wp-image-31\" srcset=\"https:\/\/performance.texoplex.ch\/wp-content\/uploads\/2025\/01\/457495706_18238461886263199_7003783148712694559_n-819x1024.jpg 819w, https:\/\/performance.texoplex.ch\/wp-content\/uploads\/2025\/01\/457495706_18238461886263199_7003783148712694559_n-240x300.jpg 240w, https:\/\/performance.texoplex.ch\/wp-content\/uploads\/2025\/01\/457495706_18238461886263199_7003783148712694559_n-768x960.jpg 768w, https:\/\/performance.texoplex.ch\/wp-content\/uploads\/2025\/01\/457495706_18238461886263199_7003783148712694559_n.jpg 1080w\" sizes=\"auto, (max-width: 819px) 100vw, 819px\" \/><\/figure>\n\n\n\n<figure class=\"wp-block-video\"><video height=\"288\" style=\"aspect-ratio: 352 \/ 288;\" width=\"352\" controls src=\"https:\/\/performance.texoplex.ch\/wp-content\/uploads\/2025\/01\/AQPn5jrYFgkgN7hzFuRlHFTh-UzOuyBZpynC9kcRoOJwXofdqmXXq1-pvZvNHqfWhw_s1y2yUkrUuhVHfebv0CsH.mp4\"><\/video><\/figure>\n\n\n\n<p>Diplomarbeit 2024 @ Kunstmuseum Baselland<br><br>Gemalt habe ich keinen Waldbrand, aber auf die Gefahr hin unterzugehen gek\u00e4mpft, als ich bei Fr\u00fchlungstemperaturen und bei starker Str\u00f6mung in einer Psychose in den Fluss gesprungen bin.<br>Und habe so das andere Ufer erreicht. Eine Frau hatte mir zugerufen: &#8222;Gib auf, das schaffst du nie!&#8220; Das hat mich so dermassen w\u00fctend gemacht, dass ich mit Kraft dieser Wut und letzter Energie die Eisenketten erreicht habe an dem gegen\u00fcberliegenden Ufer, die ich fixiert hatte, bevor ich mich entschloss zu springen. Vielleicht hatte mir genau so diese Frau das Leben gerettet. Wer weiss, und ich bin eine schlechte Schwimmerin. Wirklich.<br><br>Eine sogenannte Freundin hatte mich gerade letzhins h\u00f6hnisch gefragt, ob ich denn Kunst f\u00fcr ein breiteres Publikum machen will. Auch schon hatte sie mehrmals insistiert, ich m\u00fcsse nicht ausstellen und auch nicht ernst genommen werden, da ich schizophren bin, und diese Ausbildung (Bachelor in bildender Kunst) nur als Besch\u00e4ftigung machen w\u00fcrde.<br><br>Manchmal ist dein bester Freund dein gr\u00f6sster Feind und manchmal kann dein gr\u00f6sster Feind zu einem guten Freund und Berater werden, oder lernt man\/frau von seinen Feinden mehr als von seinen Freunden.<br><br>Ich bin f\u00fcr Respekt und Weltfrieden. Ich habe ein paar Traumas und ja, ich bin schizophren.<br>Viele Gr\u00fcnde sprechen daf\u00fcr, dass ich mich Stigmatisierung und Traumas gegen\u00fcber emanzipiere und ernst genommen werde. Und auch geh\u00f6rt als K\u00fcnstlerin, Frau und Mensch.<br>Ich spreche hier mit meinem Gesamtwerk sehr vielschichtige, schwierige Themen an, und ja, das will ich auch. Das Leben ist komplex. <br>Ich protestiere, ich habe was zu sagen, ich k\u00e4mpfe, ich siege.<br>So unabh\u00e4ngig wie m\u00f6glich.<br>Ich rauche zwar, habe ein Smartphone, esse Fleisch, und ben\u00f6tige dringend regelm\u00e4ssig Medikamente, die wohl nie ganz ohne Tierversuche so entwickelt h\u00e4tten werden k\u00f6nnen.<br>Wir sind intelligent. Und ich fordere L\u00f6sungen, f\u00fcr den vollen Respekt, der dem Leben geb\u00fchrt.<br>Auch wenn wir alle endlich sind, und sowieso irgendwann sterben.<br><br>Und ja, Kompromisse gilt es einzugehen, weil unsere Gesellschaften komplex organisiert sind.<br>Ich kann auch verzeihen wenn Fehler passieren. Aber manchmal muss ich mich wehren, abgrenzen, einsetzen&#8230;<br>Holy Competition, Holy Mess, Declare Independence!<br><br>Gesellschaften sind sowohl von oben als von unten her hirarchisiert. Vielleicht bin ich mich hier in der H\u00f6lle, doch ich will vor allem eins sein: ein Mensch, der respektiert und auch respektiert wird!<br>Gar nicht so einfach, dran bleiben und sich f\u00fcr grundlegende Rechte einsetzen. Differenziert bleiben, authentisch.<br>Ich gehe hier von mir aus, von Problematiken, die mich pers\u00f6nlich besch\u00e4ftigen, oder mich ber\u00fchren, und nicht kalt lassen.<br><br>Declare Independence! Don&#8217;t let them do that to you.<br>Das Du. Das You. Als etwas Sch\u00fctzenswertes. Auch das Ich. Amen.<br><br>Und ja, ich m\u00f6chte wieder ernst genommen werden, was in den Psychosen schwierig f\u00fcr meine Angeh\u00f6rigen und auch f\u00fcr mich war.<br>Und ich lebe mit einer Beeintr\u00e4chtigung.<br>Aber nun zu dem, was bei mir alles noch funktioniert: Ziemlich alles, wenn ich gen\u00fcgend Medikamente nehme.<br>Aber die Psyche, ja die Psyche wird wohl nie mehr ganz 100 werden bei mir.<br>Ich brauche, ben\u00f6tige es, mich auszudr\u00fccken.<br>Es hilft mir, auf kreative Weise, meinen Alltags-Shizzle zu verarbeiten.<br><br><br><\/p>\n","protected":false},"excerpt":{"rendered":"<p>Holy Competition, Holy Mess, Declare Independence! Diplomarbeit 2024 @ Kunstmuseum Baselland Gemalt habe ich keinen Waldbrand, aber auf die Gefahr hin unterzugehen gek\u00e4mpft, als ich bei Fr\u00fchlungstemperaturen und bei starker Str\u00f6mung in einer Psychose in den Fluss gesprungen bin.Und habe so das andere Ufer erreicht. Eine Frau hatte mir zugerufen: &#8222;Gib auf, das schaffst du [&hellip;]<\/p>\n","protected":false},"author":1,"featured_media":0,"parent":0,"menu_order":0,"comment_status":"closed","ping_status":"open","template":"","meta":{"footnotes":""},"class_list":["post-2","page","type-page","status-publish","hentry"],"_links":{"self":[{"href":"https:\/\/performance.texoplex.ch\/index.php?rest_route=\/wp\/v2\/pages\/2","targetHints":{"allow":["GET"]}}],"collection":[{"href":"https:\/\/performance.texoplex.ch\/index.php?rest_route=\/wp\/v2\/pages"}],"about":[{"href":"https:\/\/performance.texoplex.ch\/index.php?rest_route=\/wp\/v2\/types\/page"}],"author":[{"embeddable":true,"href":"https:\/\/performance.texoplex.ch\/index.php?rest_route=\/wp\/v2\/users\/1"}],"replies":[{"embeddable":true,"href":"https:\/\/performance.texoplex.ch\/index.php?rest_route=%2Fwp%2Fv2%2Fcomments&post=2"}],"version-history":[{"count":15,"href":"https:\/\/performance.texoplex.ch\/index.php?rest_route=\/wp\/v2\/pages\/2\/revisions"}],"predecessor-version":[{"id":161,"href":"https:\/\/performance.texoplex.ch\/index.php?rest_route=\/wp\/v2\/pages\/2\/revisions\/161"}],"wp:attachment":[{"href":"https:\/\/performance.texoplex.ch\/index.php?rest_route=%2Fwp%2Fv2%2Fmedia&parent=2"}],"curies":[{"name":"wp","href":"https:\/\/api.w.org\/{rel}","templated":true}]}}